*o**2 + 6*o + 3. Determine n(6).
111
Let x(j) = -j**3 - 30*j**2 - 39*j - 291. What is x(-29)?
-1
Let x(y) = 9*y**2 - 11*y - 39. Calculate x(3).
9
Let a(x) = -x**2 + 11*x + 54. Determine a(14).
12
Let u(d) = -d**3 + 34*d**2 - 67*d + 274. Calculate u(32).
178
Let w(h) = h**2 + 1. Give w(-14).
197
Let a(o) = -11*o + 76. Calculate a(9).
-23
Let t(x) = -409*x + 4067. What is t(10)?
-23
Let b(i) = -18*i**2 - 219*i + 49. What is b(-13)?
-146
Let r(m) = -m**2 + 30*m + 280. What is r(38)?
-24
Let r(l) = l**2 - 28*l - 107. Calculate r(32).
21
Let m(g) = -49*g + 594. What is m(23)?
-533
Let g(a) = -27*a + 109. What is g(3)?
28
Let h(n) = -n**3 - 12*n**2 + 54*n - 50. What is h(-16)?
110
Let n(y) = 5*y**2 + 19*y - 20. Determine n(5).
200
Let q(k) = 12*k**3 - 5*k**2 + 12*k - 24. What is q(2)?
76
Let s(d) = -16*d**2 + 156*d + 42. Determine s(10).
2
Let h(z) = 2*z**2 + 22*z + 47. Determine h(-2).
11
Let o(w) = -5*w**2 + 58*w - 15. Give o(13).
-106
Let l(i) = 1001*i - 6009. What is l(6)?
-3
Let d(j) = -4*j**2 + 47*j - 112. Calculate d(3).
-7
Let n(c) = 2*c**3 + 16*c**2 - 21*c - 29. Determine n(-9).
-2
Let k(m) = 1156*m - 54324. Determine k(47).
8
Let q(o) = 25*o - 554. Determine q(33).
271
Let a(n) = -2587*n - 18144. Calculate a(-7).
-35
Let p(c) = 25*c**3 - 87*c - 86. Give p(-1).
-24
Let b(d) = 2*d**2 + 34*d + 29. Calculate b(-16).
-3
Let h(o) = -o**3 + 201*o + 1048. What is h(-6)?
58
Let v(d) = -d**2 + 13*d + 104. Calculate v(21).
-64
Let h(f) = 94*f - 1203. What is h(13)?
19
Let a(u) = 279*u + 5. Calculate a(1).
284
Let r(h) = 61*h + 2168. Give r(-40).
-272
Let w(v) = -v**3 + 4*v**2 - 3*v + 9. Give w(6).
-81
Let f(a) = 13*a**2 + 45*a + 146. Calculate f(-3).
128
Let h(i) = 39720*i - 317769. What is h(8)?
-9
Let r(h) = 3387*h - 10153. Calculate r(3).
8
Let u(l) = -l**3 + 24*l**2 - 89*l - 143. Determine u(19).
-29
Let j(w) = w**2 + 24*w + 85. Give j(-20).
5
Let k(j) = 2*j**3 + 32*j**2 - 62*j - 9. Calculate k(2).
11
Let u(c) = 23*c**2 + 10*c - 10. What is u(2)?
102
Let k(x) = -x**2 + 91*x - 1463. Give k(70).
7
Let r(c) = 918*c + 733. What is r(-1)?
-185
Let h(b) = -48*b**3 - 10*b**2 - 7*b. Give h(-1).
45
Let l(o) = 9*o**2 + 807*o - 270. Give l(-90).
0
Let r(o) = 75*o - 1704. Determine r(22).
-54
Let t(k) = -13*k - 96. Determine t(-7).
-5
Let r(g) = -4*g - 41. Determine r(-18).
31
Let m(a) = a**3 + 21*a**2 + 59*a - 2. Give m(-16).
334
Let g(j) = -787*j - 3127. What is g(-4)?
21
Let c(h) = 16*h + 1166. What is c(-77)?
-66
Let s(y) = -40*y - 435. Determine s(-14).
125
Let s(m) = -2*m**2 - 156*m - 1366. What is s(-68)?
-6
Let k(g) = -158*g + 13. Calculate k(1).
-145
Let z(b) = -169*b + 1330. Calculate z(8).
-22
Let w(s) = 191*s + 7838. Calculate w(-41).
7
Let l(b) = 3*b**2 + 136*b - 103. Calculate l(-45).
-148
Let n(y) = 137*y**2 - 26*y. What is n(2)?
496
Let y(z) = -z**3 + 3*z**2 + 8*z + 45. Give y(6).
-15
Let l(s) = -3*s**2 - 4*s + 42. Determine l(-10).
-218
Let l(s) = 2*s**2 + 73*s - 32. What is l(-36)?
-68
Let d(i) = i**2 - 73. Determine d(-10).
27
Let m(u) = 200*u - 11633. Give m(58).
-33
Let a(k) = -62*k - 577. Determine a(-10).
43
Let k(l) = -13*l + 297. Give k(22).
11
Let l(y) = -y**2 + 41*y - 390. Calculate l(15).
0
Let p(h) = -5*h**2 - 85*h - 19. Calculate p(-19).
-209
Let k(u) = 19*u**3 - 13*u - 11. Calculate k(-1).
-17
Let s(d) = d**3 - 6*d**2 - 425*d + 1283. What is s(3)?
-19
Let n(x) = -x**2 - 48*x + 314. Calculate n(-55).
-71
Let n(a) = 1213*a - 4790. Calculate n(4).
62
Let x(k) = 71*k + 6050. Give x(-86).
-56
Let v(h) = -2*h**2 - 52*h + 2. Determine v(-28).
-110
Let a(s) = -s**2 - 3*s + 16. Determine a(-8).
-24
Let y(w) = -w**3 + 13*w**2 + 28*w + 55. Give y(15).
25
Let h(r) = 16*r + 64. Calculate h(-12).
-128
Let j(o) = o**3 + 5*o**2 - 97*o - 551. Give j(-6).
-5
Let g(x) = 4*x**3 - 168*x**2 - 17*x + 653. Determine g(42).
-61
Let l(z) = -55*z + 319. What is l(9)?
-176
Let u(s) = -7*s**2 + 80*s - 17. Calculate u(10).
83
Let h(i) = -i**2 - 29*i + 9695. Determine h(85).
5
Let y(x) = -x**2 - 2267*x + 82907. Determine y(36).
-1
Let s(z) = 6*z**2 + 153*z - 326. Give s(2).
4
Let p(d) = -d**2 + 879*d - 10397. Determine p(12).
7
Let n(u) = -17*u - 126. Give n(-9).
27
Let z(i) = 2*i**3 + 124*i**2 + 237*i - 44. Calculate z(-60).
136
Let l(p) = 29*p - 305. What is l(12)?
43
Let s(v) = -96*v + 19392. Give s(202).
0
Let f(q) = 5*q**3 + 763*q**2 - 313*q - 1082. Determine f(-153).
-11
Let y(d) = 6*d**2 - 263*d - 55. What is y(44)?
-11
Let x(c) = c**2 + 176*c - 1121. Calculate x(6).
-29
Let s(i) = i**3 - 15*i**2 + 30*i + 12. Determine s(9).
-204
Let h(d) = 14*d**2 + 21*d + 1. Calculate h(-1).
-6
Let t(a) = -a**2 + 16*a + 16. Determine t(7).
79
Let j(i) = i**3 + 39*i**2 - 53*i - 80. Determine j(-40).
440
Let l(j) = -j**3 + 35*j - 31. Calculate l(0).
-31
Let k(g) = -g**3 + g**2 - 7*g - 74. What is k(0)?
-74
Let k(f) = f**3 + 25*f**2 - 4*f - 100. Calculate k(-25).
0
Let u(z) = -z**3 + 16*z**2 + 301*z - 187. Calculate u(27).
-79
Let x(o) = o**2 + 142*o + 4418. Give x(-46).
2
Let m(d) = -5*d**2 + 68*d - 226. Give m(5).
-11
Let i(a) = 24*a**2 + 358*a - 33. Determine i(-15).
-3
Let w(l) = -2845*l - 48369. Give w(-17).
-4
Let d(v) = -v**3 + 19*v**2 - 24*v + 229. Give d(18).
121
Let v(c) = -331*c - 5632. Calculate v(-17).
-5
Let u(n) = -n**2 + 161*n - 6189. What is u(95)?
81
Let u(y) = -4*y**2 + 134*y - 1124. Calculate u(15).
-14
Let v(q) = 6*q**2 + 478*q + 7610. Determine v(-22).
-2
Let o(h) = h**3 - 9*h**2 + 2250*h - 17933. Calculate o(8).
3
Let v(l) = 4*l**2 - 23*l - 47. Give v(9).
70
Let x(v) = -3*v**2 - 33*v - 82. What is x(-7)?
2
Let p(d) = 58*d + 3135. What is p(-54)?
3
Let o(t) = -t**3 - 7*t**2 + 5*t. What is o(0)?
0
Let m(z) = -7*z**3 + 3*z**2 - 643*z + 641. Determine m(1).
-6
Let l(i) = -2*i**3 + 11*i**2 + 8*i + 55. Calculate l(6).
67
Let k(v) = v**3 - 12*v**2 - 5*v - 320. Calculate k(14).
2
Let q(i) = -4*i**2 + 86*i + 16. What is q(22)?
-28
Let n(r) = 3*r**2 - 42*r + 143. Determine n(13).
104
Let j(k) = k**3 + k**2 + 13*k + 426. What is j(0)?
426
Let p(y) = -65*y - 41. Give p(-3).
154
Let d(k) = k**3 + 31*k**2 - 63*k - 2802. Give d(-30).
-12
Let m(i) = i**2 + 5*i - 16. What is m(-8)?
8
Let w(h) = 532*h - 3182. Calculate w(6).
10
Let r(z) = -13*z**2 + 47*z + 640. Determine r(9).
10
Let l(k) = -471*k + 18354. Give l(39).
-15
Let h(k) = 2155*k + 6474. Determine h(-3).
9
Let a(p) = -p**3 + p**2 - 9*p + 2. Give a(-4).
118
Let y(q) = -146*q + 2953. What is y(21)?
-113
Let z(r) = -118*r + 1466. What is z(14)?
-186
Let w(v) = -v**2 + v - 1. Give w(1).
-1
Let g(s) = -s**3 - 7*s**2 + 14*s + 15. What is g(3)?
-33
Let k(a) = -a**3 + 51*a**2 - 150*a + 277. What is k(48)?
-11
Let o(a) = -a**3 + 6*a**2 + 47*a + 57. Give o(-4).
29
Let a(t) = 68*t**2 - 66*t - 1. Give a(1).
1
Let w(f) = 9*f**3 - f**2 - 10*f + 13. Give w(0).
13
Let t(r) = -r**3 + 8*r**2 + r - 32. Calculate t(6).
46
Let t(i) = -13*i**2 - 47*i + 19. Determine t(-4).
-1
Let o(w) = -w**2 + 107*w - 607. Give o(6).
-1
Let s(j) = -507*j - 3548. Calculate s(-7).
1
Let t(m) = -3*m**2 - 75*m - 370. What is t(-7)?
8
Let k(v) = 70*v + 932. Determine k(-14).
-48
Let t(s) = -199*s + 826. What is t(8)?
-766
Let o(v) = -4*v + 95. Determine o(-14).
151
Let b(u) = 115*u + 1988. What is b(-17)?
33
Let u(r) = r**3 + 48*r**2 + 170*r - 246. Calculate u(-44).
18
Let i(h) = 2*h**2 - 88*h + 940. Calculate i(19).
-10
Let g(a) = 24*a + 953. Give g(-38).
41
Let q(n) = -20*n + 167. What is q(6)?
47
Let u(z) = -z**2 + 13*z - 41. Give u(8).
-1
Let m(t) = 4*t**2 + 466*t + 1390. Determine m(-3).
28
Let q(o) = -315*o - 1025. What is q(-3)?
-80
Let h(n) = 5*n**2 + 33*n + 18. What is h(-6)?
0
Let s(n) = 12*n - 20. Calculate s(1).
-8
Let f(x) = 3*x**2 - x + 4. Calculate f(1).
6
Let u(f) = f**3 - 24*f**2 - 54*f + 52. Determine u(26).
0
Let a(i) = i**3 + 5*i**2 - 9*i + 8. Determine a(2).
18
Let s(a) = -2*a**3 - 8*a**2 + a + 11. Give s(-7).
298
Let s(h) = 6*h - 39. Give s(-5).
-69
Let h(z) = -38*z**2 - 227*z + 6. Calculate h(-6).
0
Let l(w) = -1349*w + 4033. What is l(3)?
-14
Let j(x) = x**3 - 26*x**2 + 101*x - 279. Give j(22).
7
Let f(m) = -m**3 - 18*m**2 - 6*m - 50. Calculate f(-17).
-237
Let h(b) = -b**2 + 12*b - 11. Determine h(18).
-119
Let a(o) = 899*o - 12569. Determine a(14).
17
Let z(a) = -3*a**2 + 207*a - 2941. What is z(20)?
-1
Let r(c) = 1